Let m be (-11)/(-4) - (-6)/(-8). Suppose -5*v + m*i = -18, 2*i + 12 = -v + 3*v. What is the units digit of v?
2
Let u(l) = -l - l**2 + 2*l + 2 + 5*l**3 - 6*l**3. What is the units digit of u(0)?
2
Let a be (4/5)/((-4)/(-10)). Suppose 5*c + 5 = 0, j = -c + 8 - a. What is the units digit of j?
7
Suppose 0 = 5*h - 5*d - 775, -3*d - 305 = -2*h - 6*d. What is the units digit of h?
4
Suppose k + 9 = 4*k. Suppose 5 + 1 = k*q. Suppose 0 = r - q - 4. What is the units digit of r?
6
Let l(c) = c**3 + 15*c**2 + 15*c + 5. Let i be l(-14). Let q(n) = -2*n - 4. What is the tens digit of q(i)?
1
What is the units digit of 2/9 + (-395)/(-45)?
9
Let f(a) = 3 + 5*a - 2*a - 4. Let o be f(1). Suppose -4*r = 2*k + o, 0 = -0*r + 4*r + 16. What is the units digit of k?
7
Let f = 3 + 25. What is the units digit of f?
8
Let n(f) = -f**3 + 8*f**2 - 9*f + 3. Let p be n(6). Suppose 3*m - 40 = 8*m. Let t = p + m. What is the tens digit of t?
1
Let u = 15 + 77. What is the units digit of u?
2
Let k(l) = 5*l**2 - l - 21. What is the units digit of k(6)?
3
Suppose 3*m = -11 - 19. Let v = -6 - m. Suppose v*y - 65 = -y. What is the units digit of y?
3
Suppose 5*o - 15 = 10. What is the units digit of o?
5
Suppose 0*b - 4 = -2*b. What is the units digit of b?
2
Let n(i) = i**3 - i**2 + 3*i - 1. Suppose 0 = y - 4 + 1. What is the tens digit of n(y)?
2
Let a = -6 + 1. Let y(o) = o - 6. Let p be y(10). What is the units digit of p/a*(-10)/4?
2
Suppose -4*b + 55 = -25. What is the tens digit of b?
2
Suppose 3*g + 5*t - 120 = 0, 2*g + g = -2*t + 129. Suppose 3*p = 3*y + g, 3*y = 3*p + 6*y - 75. Suppose -5*z = -z - p. What is the units digit of z?
5
Suppose -2*f + 0*f + 22 = 3*y, 0 = -2*y + 5*f + 2. What is the units digit of y?
6
Suppose -w - w + 8 = 0. What is the units digit of 16/20*10/w?
2
Let z = -5 - -8. Let h = 21 + z. What is the units digit of h?
4
Let l = 7 - 3. Suppose -l = -2*i - 3*u + 17, 3*u = 9. What is the units digit of i?
6
Suppose 3*n = -38 - 43. Let k = 10 - n. Suppose -5*t - 2 + k = 0. What is the units digit of t?
7
Let p be 3/(-9) + 91/3. Suppose p = -0*o + o. Suppose -2*i - o = -5*i. What is the units digit of i?
0
Suppose -j + 4*p = 3 - 5, -16 = -2*j + 2*p. What is the tens digit of j?
1
Let v(q) = 8*q + 5. What is the units digit of v(6)?
3
Let g(y) = y**3 + 7*y**2 - 12*y - 12. What is the tens digit of g(-8)?
2
Suppose -8 = 6*w - 8*w. Let o(t) = -t**2 + 8*t + 3. What is the tens digit of o(w)?
1
Let m = -6 - -6. Suppose -2*t = 5*h + 1 - 6, 5*t + 3*h - 41 = m. What is the units digit of t?
0
Let h(m) = -m**3 - 14*m**2 + 8. Let a be h(-14). Suppose 5 = 5*l - 0. Let q = a + l. What is the units digit of q?
9
Suppose 0 = -i + 179 + 36. What is the units digit of i?
5
Let x(q) = 2*q**3 + 6*q**2 + 6*q + 4. Let y be x(-4). Let o = -30 - y. Let v = o + -15. What is the units digit of v?
7
Let g be 2/(((-30)/(-9))/5). Suppose 5*q - g*q = 36. What is the units digit of q?
8
Suppose -3*m = 2*m - 100. Suppose 7*h - 11*h = m. What is the tens digit of -35*(7/h - -1)?
1
Suppose 3 + 3 = 3*d. Suppose -t = d*b - 24, 0*t = 3*b + t - 36. What is the units digit of b?
2
What is the hundreds digit of 4/(-1) + ((-360)/(-2) - 4)?
1
Suppose 0 = 2*z + z - 96. Let w(f) = -f - 6. Let b be w(-9). Suppose b*j - z = -5. What is the units digit of j?
9
Let k be ((-33)/(-4))/3*4. Suppose -s + k = -0*s. What is the tens digit of s?
1
Let m(n) = -n**3 - 5*n**2 + n + 14. Let s be m(-6). What is the tens digit of 16/(-3)*(-99)/s?
1
Let o(p) = p + 7. Let g be o(-7). Suppose -3*j - 9 = 0, h - 3*j = -g*j + 13. Suppose 2*q - q - 2*f = h, 5*f = 10. What is the units digit of q?
8
Let r(s) = -3*s**2 - 61*s - 18. What is the tens digit of r(-13)?
6
Let z(d) = d**3 - 8*d**2 - 7*d - 9. Let c be z(8). Let g = c + 96. What is the units digit of g?
1
Let b be (4/(-6))/((-1)/6). Suppose -2*x = v + b*v + 4, 2*v = x + 2. Suppose v = q - 3 - 5. What is the units digit of q?
8
Let b = -31 + 69. What is the units digit of b?
8
Let i(s) = 8*s - 1. Let b be i(5). Suppose 5*m + b = -6. Let v = m - -17. What is the units digit of v?
8
Let t(o) = -o**3 - 19*o**2 + 20*o + 22. What is the tens digit of t(-20)?
2
Let w(a) = 7*a - 19. What is the units digit of w(8)?
7
Let b(k) = k**2 - 2. Let z be b(2). Let q be z/7 - 78/(-21). Suppose 2*v = q*v - 12. What is the units digit of v?
6
What is the tens digit of 2/(-4)*(-81 - (-4 + 5))?
4
Let r be (-3)/(-1)*(-40)/(-30). Suppose 4*p - 199 = o, 11 = -p + r*o + 72. What is the tens digit of p?
4
Let w(v) = 3*v**2 + 22*v + 3. What is the units digit of w(-9)?
8
Let o(c) = -2*c + c**3 + 0*c**2 - c**2 - 3 + 5. What is the units digit of o(2)?
2
What is the units digit of (328/12)/(4/6)?
1
Suppose 40 = 3*y - 5*k, 5*y - 3*k - 54 = -k. Suppose -y = -2*q - 0*q. What is the units digit of q?
5
Suppose 2*a + 0 = 2*l - 2, 2*l - 2 = -3*a. Let u(b) = 15*b - 1. What is the tens digit of u(l)?
1
Suppose 4*x - 52 = -3*n + 34, 5*x - 113 = -4*n. Suppose i - 41 = -2*t, -i + n = -5*t + 107. What is the units digit of t?
8
Let n be 10/(-4)*36/(-30). Suppose -n*t - 28 = -262. What is the units digit of (-1)/(-4) + t/8?
0
Let d(x) = -x**3 + 9. Let h be d(0). Suppose 5*v - h = 1. Suppose 4*j + 7 + 3 = v*n, 0 = -n + 3*j + 4. What is the units digit of n?
7
Let i(w) be the second derivative of -w**5/20 - w**4/4 - w**3/2 - w**2/2 + w. Let y be i(-2). Let g = y + 14. What is the tens digit of g?
1
Suppose -3*n = -2*g + 1, -4*n = g + 1 + 15. Let x(m) = 2*m**2 + 1. What is the units digit of x(n)?
9
Suppose 1 = -2*v - 7. Let j be v/(-10) - 26/(-10). Suppose 0 = 5*l - c - 3 - 17, j*c = 5*l - 30. What is the units digit of l?
3
Suppose -5*n + n + 8 = 0, 0 = 2*i + 4*n - 62. What is the units digit of i?
7
Let z = 143 - -97. What is the tens digit of z?
4
Suppose -8*q = -3*q - 265. Suppose 2*d + 161 = 4*t - q, -5*t = -d - 269. What is the units digit of t?
4
Suppose 5 = 4*c - 5*x, 2*c + 0*c = 2*x + 4. What is the tens digit of 2/5 - (-98)/c?
2
Suppose 0 = x - 3*d - 1, 0*d + 2*d = x - 3. Suppose -2*w = 1 - x. Suppose 6 = w*t - 24. What is the units digit of t?
0
Let q(r) be the first derivative of r**3/3 - 2*r**2 + 1. Let z be ((-12)/(-7))/((-2)/(-7)). What is the tens digit of q(z)?
1
What is the tens digit of (-39)/(-1) - 0/4?
3
Let h(a) = 3*a**3 - a**2 + 2*a - 2. Let t be h(1). Suppose t*y - 7*y = -215. What is the tens digit of y?
4
Let b(d) = 2*d + 1. Let a be 0 + -14*3/(-6). What is the tens digit of b(a)?
1
Let a(q) = -32 - 2*q + 11*q**2 + 32. What is the tens digit of a(2)?
4
Let n(b) = -b - 1. Suppose 2*g + 1 - 7 = 0. Let w be n(g). What is the units digit of (-30)/w*(3 - 1)?
5
Let s = 21 + -7. Suppose 4*u = -5*q + 18, 2*q + 5*u - s = -0*u. Suppose q*t - 44 + 10 = 0. What is the tens digit of t?
1
Let x(a) = -a + 6. Let b be x(6). What is the tens digit of 3 - 7*(-1 - b)?
1
Suppose 2*h - 4*h + 6 = 0. Let x(b) = -3*b - 2 - h + 3. What is the units digit of x(-4)?
0
Suppose 2*s = 3*i - 2*s + 7, -3*i - 11 = -5*s. What is the tens digit of -3 + i - (-1 - 11)?
1
Suppose 4*g = g. Suppose -p - a + 6 = g, 7*p - 2*p - 62 = 3*a. What is the units digit of p?
0
Let a(y) = y**2 - 4*y - 2. Let q be a(5). Suppose -2*p = -0*d + 4*d - 56, -2*p + 26 = -2*d. Suppose q*o - 24 = p. What is the tens digit of o?
1
Let m be (-6)/1 + 3 + 5. Suppose -3*q + 23 = -4*c, -c - 22 = -m*q + 3*c. Suppose 4*b - 3*i = 42, i - 37 = -3*b + q. What is the units digit of b?
2
Let l(i) = -2 + i + 3 + i + i. Let p be l(9). Suppose d - p = -3*d. What is the units digit of d?
7
Suppose 0*m + 5*m = -15. Let r = 2 - m. What is the units digit of r?
5
Suppose 48 = 2*m + 2*m. Let l = 23 - m. What is the units digit of l?
1
Let p = -13 - -18. Suppose 24 + 11 = p*y. Suppose y*x - 25 = 2*x. What is the units digit of x?
5
Let n be ((-6)/8)/(1/(-4)). Let l = -19 + n. Let z = l + 23. What is the units digit of z?
7
Let n(l) = l + 11. What is the tens digit of n(8)?
1
Let y be (2 - -103) + 8/4. Suppose 4*l = -4*s + 136, 2*s + y = 5*s + 4*l. What is the units digit of s?
9
Suppose -3 = -0*n - n. What is the units digit of (3 + -1)*1*n?
6
Suppose 0 = -7*n + 2*n + 180. What is the tens digit of (4/3)/(3/n)?
1
Suppose 5*g + 4 + 1 = 0. Let t = 5 + g. What is the units digit of t?
4
Let t(u) = u**3 - u**2 + 3. Let l be t(0). Let r = -2 + l. Let d = 6 